 - 8*b**2 + 12*b - 50. Let p be y(-10). Calculate the highest common divisor of p and 4150.
10
Let k = 34791 - 21037. Calculate the greatest common divisor of k and 26.
26
Let s(k) = -64*k**3 + 9*k**2 + 36*k + 197. Let i be s(-6). What is the highest common factor of i and 71?
71
Let o be (-164)/12*-3 + 3. Let q = -24 + o. Let s = q - 4. Calculate the highest common divisor of 40 and s.
8
Let n be ((-8050016)/65)/(-32) - 1/5. What is the highest common factor of 90 and n?
90
Let s be 75 - 81 - (-99 + -2)*14. What is the greatest common factor of 22 and s?
22
Let r = -62 - -23. Let o = -41 - r. Let k be (20/8)/(o/(-4)). What is the greatest common divisor of 25 and k?
5
Let a(j) be the second derivative of 5*j**4/6 - 5*j**3/6 + 11*j**2/2 + j + 1. Let r be a(-14). Calculate the greatest common factor of r and 13.
13
Let w(z) = 5*z**3 - 20*z**2 + 42*z + 13. Let y be w(6). Calculate the highest common divisor of y and 325.
25
Let j be (-6)/27 - (-114)/27. Suppose 0 = 2*t + 13*h - 18*h - 47, -4*t + 159 = 3*h. Calculate the highest common factor of j and t.
4
Let m = 254 + -254. Suppose m*t - 2670 = -6*t. What is the greatest common factor of 89 and t?
89
Let p(v) = -2*v**3 - 56*v**2 + 400*v + 70. Let f be p(6). Suppose 0*h - 3*b - 243 = -3*h, -227 = -3*h - b. What is the highest common divisor of h and f?
11
Suppose 3*l - 3083 = -1418. Let r = -471 + l. Calculate the greatest common divisor of 24 and r.
12
Let k(b) be the third derivative of -b**5/60 - b**4/3 + 3*b**3 + 13*b**2 - 1. Let y be k(-7). Calculate the greatest common factor of 25 and y.
25
Let p(a) = a**3 - 9*a**2 + 24*a - 16. Let v be p(7). What is the greatest common factor of 444 and v?
6
Let l be 841 + (18 - 10 - (14 - -2)). Calculate the greatest common divisor of 49 and l.
49
Let f(s) be the second derivative of s**4/12 - 2*s**3 - 127*s**2 - 75*s. Let k be f(-12). What is the greatest common divisor of 1054 and k?
34
Suppose -4*n + m + 356 = 0, -129*m = n - 137*m - 27. Suppose 3*c = c + 52. What is the highest common factor of n and c?
13
Let b be (38 + (6 - 6))*474/60*(-165)/(-33). Let n be (-634)/(-8) - 2/8. What is the highest common factor of b and n?
79
Suppose 0 = 5*q + 4*i - 2, 5*q - 3*i + 7 = -4*i. Let f be ((-14)/6)/(q/(-6)). Let p = -3 - f. What is the highest common factor of 4 and p?
4
Let s be (8/10)/(153/14535). What is the greatest common factor of 6308 and s?
76
Let f = -1 - -5. Suppose -4*q = -5*q + 10. Let v = q - -26. What is the highest common divisor of v and f?
4
Let m = -875 + 1078. Calculate the highest common divisor of 29 and m.
29
Let x = -1111 - -1118. Let u be (-1)/5 - (-7668)/15. What is the greatest common divisor of x and u?
7
Let a = 7850 - 7535. What is the greatest common factor of 147 and a?
21
Let d = 1598 - 1585. Let t(z) = -12*z**2 + 13*z**2 + 17*z**2 + 8*z**2. Let b be t(-2). Calculate the greatest common divisor of d and b.
13
Let k(d) = 61*d**2 - 770*d + 23. Let o be k(13). Let y(g) = g**2 + 2*g - 6. Let h be y(6). Calculate the greatest common divisor of h and o.
14
Suppose -4*w - 3*n = -7 - 78, 5*w - 3*n - 86 = 0. Let q(o) = -o**3 + 44*o**2 + 170*o - 87. Let p be q(-4). What is the greatest common factor of p and w?
1
Suppose -3*g = 5*x - 6, 85*g - 9 = 88*g. Let k(p) = -p**2 - 7*p - 3. Let d be k(-5). Suppose d*z - 75 = 2*z. Calculate the highest common factor of z and x.
3
Let g = -19069 + 19194. Calculate the highest common divisor of g and 2650.
25
Let h(l) = 3*l**3 - 12*l**2 + 17*l - 8. Let k be h(11). Suppose 5*u = -11*u + k. Calculate the highest common divisor of u and 34.
34
Let s be -962*(-5)/(180/18). What is the greatest common factor of s and 518?
37
Let r be -1 - -5 - (-163 + -3). Let i = 2418 + -2384. What is the highest common divisor of r and i?
34
Suppose t = -21 + 48. Suppose 2*s - t = 9. What is the greatest common divisor of 2 and s?
2
Suppose -5*t - 106 = -26. Let d = -6 - t. Let n(r) = -r**3 + 12*r**2 - 7*r - 24. Let y be n(11). Calculate the greatest common factor of d and y.
10
Suppose 14*r - 15*r - 68 = -4*i, i = 2*r + 10. Let u be -3*(-4)/i*540/8. Let o = 19 - 10. Calculate the greatest common divisor of o and u.
9
Let i(w) = 125*w**2 - 1. Let z be i(-2). Let t = z - 498. Calculate the highest common factor of t and 67.
1
Suppose 5*t - 357 = -229*q + 226*q, -3*q = -4*t - 330. Calculate the highest common divisor of q and 840.
6
Suppose 2*z - 41656 = -4*d, 3*d = 66*z - 69*z + 31242. Calculate the highest common divisor of d and 508.
254
Suppose 160*f - 107*f = 26182. What is the greatest common divisor of 266 and f?
38
Suppose 2*t - 46 = -4*o, -4*t + 64 + 48 = -2*o. Suppose 0 = -n + 31 + t. Suppose 1 - n = -h. What is the highest common factor of h and 19?
19
Let z be 3*83/(21*3/273). What is the greatest common divisor of 65 and z?
13
Let h = -222 - -227. Let p be (27 + h)*(-6)/(-3). What is the greatest common divisor of 64 and p?
64
Let l = 8006 - 7916. What is the greatest common factor of 99 and l?
9
Let q(a) = -1905*a + 5. Let c be q(-3). Calculate the highest common factor of c and 176.
88
Suppose 6*p + 248 - 290 = 0. Suppose p*r = 2*r + 3*d + 416, 2*r = 4*d + 158. Calculate the highest common factor of r and 68.
17
Suppose -29 = -4*y - 3*r - 10, 4*y - 4*r = 40. Let b = 35 - 28. Let s(k) = -k**2 + 4*k + 42. Let f be s(b). What is the highest common factor of f and y?
7
Let l = -165 - -134. Let f(c) = -7*c - 208. Let w be f(l). Calculate the highest common factor of 12 and w.
3
Let j be (33 - (-7884)/(-180))/((-4)/250). What is the greatest common divisor of 8235 and j?
135
Suppose 0 = q - 4*n - 1467, 4*n - 8408 = -5*q - 1289. What is the highest common divisor of 63 and q?
9
Suppose -4*n = 5*x - 60, -77*n + 72*n - x + 96 = 0. What is the greatest common factor of 460 and n?
20
Let c be (27/(-6))/(2/(-320)*27/36). Calculate the greatest common divisor of c and 180.
60
Let t(y) = -y**3 - 15*y**2 - 34*y + 24. Let i be t(-12). Suppose -3*x + 7*x - 377 = -p, i = 2*x. Calculate the highest common divisor of p and 39.
13
Let x = 4402 - 4397. What is the highest common divisor of 1360 and x?
5
Let x(u) be the first derivative of u**4/4 + 11*u**3/3 - u**2/2 - 5*u + 58. Let o be x(-11). What is the greatest common divisor of o and 24?
6
Suppose 6*n - 13*n - 2520 = -22*n. Calculate the highest common divisor of n and 712.
8
Suppose -7338 = -17*v - 487. What is the highest common divisor of 26 and v?
13
Let g = -21 + 28. Let z be (7 - 63/g)*-36. Calculate the greatest common divisor of z and 40.
8
Suppose 28037 - 14627 = 125*i - 25965. Calculate the highest common factor of i and 441.
63
Suppose 12 = 8*u - 4*u. Suppose -u*y + 2*r = r + 409, -4*y - 2*r - 562 = 0. Let v = y - -240. What is the greatest common factor of 6 and v?
6
Let p be 5/((3 + 3)/276). What is the highest common factor of 20 and p?
10
Suppose 218*r = 42*r + 530464. What is the greatest common divisor of r and 411?
137
Let z be -4 + 2 + 1 + 16. Let s = 8098 + -8043. What is the greatest common factor of s and z?
5
Suppose 2*v = 4*i + 7*v - 123, 3*i - 94 = -2*v. Let o = 20681 + -20521. What is the greatest common divisor of i and o?
32
Let n be ((-1)/3)/((-3)/18). Suppose 78 + 28 = 5*z + u, 0 = -3*z + n*u + 61. What is the highest common divisor of 49 and z?
7
Suppose -43*t + w - 28598 = -46*t, -2*w = 4*t - 38128. Calculate the highest common divisor of t and 42.
42
Let r be (-42)/(-70) + (-417)/(-5). Let y = -84 + r. Suppose -3*m = i - 80, y = i - 5*m - 62 - 18. What is the highest common factor of i and 16?
16
Suppose 6*w - 88 = -4*s + 2*w, -5*s - 2*w = -107. Calculate the highest common divisor of s and 4809.
21
Let n = -33002 + 33395. What is the greatest common divisor of 7729 and n?
131
Let z(t) = -16*t - 29. Let s be z(-3). Suppose 2800 = -s*f + 10096. What is the greatest common factor of 24 and f?
24
Suppose 8*r - 14*r + 1128 = 0. Suppose 4*o = 452 + r. What is the greatest common factor of 10 and o?
10
Suppose 4*t - 4*c = 56, -4*t + 2*c + 55 = 9. Let l be (3 + 3)*12/t. Let m be ((-4)/l - 4)*(-16)/3. Calculate the greatest common divisor of m and 6.
6
Let o(q) = 103*q - 1393. Let c be o(15). What is the greatest common divisor of 22 and c?
2
Let d(k) = -77*k**2 - 5*k + 14. Let n be d(4). Let t = n - -1265. Let o = 3 - -15. Calculate the hi